eds digit of 404301?
3
What is the tens digit of 22892850?
5
What is the units digit of 5087096?
6
What is the hundreds digit of 15983519?
5
What is the tens digit of 12717726?
2
What is the thousands digit of 6016150?
6
What is the hundred thousands digit of 574948?
5
What is the ten thousands digit of 28693534?
9
What is the units digit of 5947111?
1
What is the units digit of 43351?
1
What is the ten thousands digit of 396925?
9
What is the units digit of 520214?
4
What is the tens digit of 775086?
8
What is the ten thousands digit of 16946256?
4
What is the millions digit of 1618563?
1
What is the tens digit of 5455134?
3
What is the millions digit of 12383104?
2
What is the units digit of 653269?
9
What is the thousands digit of 10248424?
8
What is the hundreds digit of 566494?
4
What is the ten thousands digit of 23183240?
8
What is the tens digit of 4129839?
3
What is the ten thousands digit of 380521?
8
What is the ten thousands digit of 309052?
0
What is the ten millions digit of 22935345?
2
What is the units digit of 3095845?
5
What is the units digit of 910272?
2
What is the thousands digit of 3791234?
1
What is the units digit of 238314?
4
What is the hundred thousands digit of 10750324?
7
What is the hundreds digit of 573772?
7
What is the thousands digit of 111084?
1
What is the tens digit of 2482178?
7
What is the thousands digit of 15598196?
8
What is the tens digit of 80679?
7
What is the thousands digit of 1773346?
3
What is the thousands digit of 4934037?
4
What is the hundred thousands digit of 1294852?
2
What is the ten thousands digit of 7872155?
7
What is the ten thousands digit of 376571?
7
What is the ten thousands digit of 149223?
4
What is the thousands digit of 45370?
5
What is the hundreds digit of 1993581?
5
What is the millions digit of 1368461?
1
What is the hundred thousands digit of 829336?
8
What is the tens digit of 201970?
7
What is the thousands digit of 1181612?
1
What is the thousands digit of 91979?
1
What is the units digit of 118652?
2
What is the thousands digit of 2590993?
0
What is the tens digit of 2668895?
9
What is the tens digit of 1614105?
0
What is the hundred thousands digit of 135797?
1
What is the units digit of 3412811?
1
What is the units digit of 2010401?
1
What is the ten thousands digit of 618531?
1
What is the tens digit of 71310?
1
What is the units digit of 104446?
6
What is the ten thousands digit of 421800?
2
What is the tens digit of 5342912?
1
What is the ten thousands digit of 3328452?
2
What is the ten thousands digit of 131272?
3
What is the thousands digit of 322873?
2
What is the hundreds digit of 1420479?
4
What is the hundreds digit of 115424?
4
What is the thousands digit of 113763?
3
What is the tens digit of 2987071?
7
What is the ten thousands digit of 271317?
7
What is the units digit of 82840?
0
What is the tens digit of 130695?
9
What is the millions digit of 6768225?
6
What is the hundreds digit of 2315?
3
What is the thousands digit of 440153?
0
What is the hundred thousands digit of 5582700?
5
What is the tens digit of 216285?
8
What is the ten thousands digit of 861579?
6
What is the thousands digit of 14087934?
7
What is the millions digit of 2324482?
2
What is the ten thousands digit of 500638?
0
What is the millions digit of 3907944?
3
What is the hundred thousands digit of 418790?
4
What is the units digit of 161093?
3
What is the thousands digit of 238482?
8
What is the ten thousands digit of 443905?
4
What is the thousands digit of 97902?
7
What is the ten thousands digit of 897533?
9
What is the hundred thousands digit of 10851267?
8
What is the thousands digit of 9329413?
9
What is the ten thousands digit of 456667?
5
What is the millions digit of 14283525?
4
What is the hundred thousands digit of 412795?
4
What is the tens digit of 26633101?
0
What is the hundreds digit of 1025660?
6
What is the hundreds digit of 513544?
5
What is the tens digit of 74146?
4
What is the units digit of 841097?
7
What is the millions digit of 2273520?
2
What is the millions digit of 20532834?
0
What is the tens digit of 249136?
3
What is the tens digit of 7049760?
6
What is the ten thousands digit of 6495855?
9
What is the millions digit of 2751605?
2
What is the millions digit of 15613168?
5
What is the ten thousands digit of 374211?
7
What is the units digit of 2079006?
6
What is the hundreds digit of 16382998?
9
What is the hundred thousands digit of 496030?
4
What is the hundred thousands digit of 1952970?
9
What is the thousands digit of 432090?
2
What is the thousands digit of 1542360?
2
What is the ten thousands digit of 833070?
3
What is the thousands digit of 4632557?
2
What is the hundreds digit of 2617324?
3
What is the tens digit of 467009?
0
What is the thousands digit of 615437?
5
What is the ten thousands digit of 1632574?
3
What is the hundred thousands digit of 1681448?
6
What is the thousands digit of 5104317?
4
What is the hundred thousands digit of 1809397?
8
What is the thousands digit of 8936912?
6
What is the ten thousands digit of 152328?
5
What is the tens digit of 2496927?
2
What is the ten thousands digit of 1085307?
8
What is the hundred thousands digit of 334145?
3
What is the hundred thousands digit of 4219750?
2
What is the millions digit of 7998296?
7
What is the thousands digit of 49602?
9
What is the hundreds digit of 491338?
3
What is the tens digit of 597753?
5
What is the units digit of 381104?
4
What is the ten thousands digit of 1325077?
2
What is the hundreds digit of 13335?
3
What is the hundred thousands digit of 302448?
3
What is the ten thousands digit of 124920?
2
What is the thousands digit of 746590?
6
What is the hundreds digit of 4042354?
3
What is the units digit of 230646?
6
What is the thousands digit of 11122792?
2
What is the units digit of 420138?
8
What is the ten thousands digit of 44546?
4
What is the millions digit of 19466738?
9
What is the thousands digit of 5488209?
8
What is the hundreds digit of 939244?
2
What is the hundred thousands digit of 758132?
7
What is the tens digit of 5419059?
5
What is the ten millions digit of 21751884?
2
What is the thousands digit of 2157245?
7
What is the thousands digit of 23523848?
3
What is the ten thousands digit of 1156295?
5
What is the millions digit of 2414123?
2
What is the tens digit of 80493?
9
What is the hundred thousands digit of 212637?
2
What is the ten thousands digit of 334508?
3
What is the millions digit of 1997807?
1
What is the tens digit of 2603822?
2
What is the tens digit of 824446?
4
What is the units digit of 4064373?
3
What is the ten thousands digit of 654778?
5
What is the hundreds digit of 918542?
5
What is the tens digit of 82562?
6
What is the units digit of 1015956?
6
What is the ten thousands digit of 531140?
3
What is the hundreds digit of 11158265?
2
What is the hundred thousands digit of 651935?
6
What is the tens digit of 190640?
4
What is the units digit of 66481?
1
What is the thousands digit of 352426?
2
What is the thousands digit of 369286?
9
What is the millions digit of 25309681?
5
What is the tens digit of 1078482?
8
What is the hundreds digit of 95127?
1
What is the ten thousands digit of 147143?
4
What is the millions digit of 4321036?
4
What is the tens digit of 4122844?
4
What is the tens digit of 6615231?
3
What is the tens digit of 7378385?
8
What is the hundreds digit of 1521638?
6
What is the hundred thousands digit of 1550859?
5
What is the hundred thousands digit of 1812285?
8
What is the thousands digit of 206331?
6
What is the hundreds digit of 175067?
0
What is the ten thousands digit of 84388?
8
What is the units digit of 75875?
5
What is the hundred thousands digit of 2125051?
1
What is the millions digit of 18200129?
8
What is the ten thousands digit of 2063889?
6
What is the tens digit of 329724?
2
What is the hundred thousands digit of 240873?
2
What is the hundreds digit of 5176918?
9
What is the units digit of 2153870?
0
What is the millions digit of 4278204?
4
What is the thousands digit of 3620177?
0
What is the ten millions digit of 11316992?
1
What is the ten thousands digit of 95379?
9
What is the hundred thousands digit of 2443298?
4
What is the ten thousands digit of 515714?
1
What is the millions 